e prime factors of h.
43
Suppose 2*j - 4040 = 5*y, 0 = y + 3*j + 837 - 29. List the prime factors of (1 - (-1)/2)/((-12)/y).
101
Suppose -3*p - 4 = 4*s, -s = -p + 2*s + 16. Suppose -3*o - 97 = 5*u, -u = 4*o + p*u + 126. What are the prime factors of (-1 - o) + 1/1?
29
What are the prime factors of 4 - (-3 + -1 - 174)?
2, 7, 13
Let h = 2034 - 1364. What are the prime factors of h?
2, 5, 67
Suppose w = -4*w. Suppose 6*k = -w*k + 264. Let t = -24 + k. List the prime factors of t.
2, 5
Let t(q) be the first derivative of -q**4/4 + 2*q**3 - 2*q + 4. List the prime factors of t(4).
2, 3, 5
Let o = 12 + -26. Let b = 19 + o. Suppose 0 = -b*x - 2 + 32. What are the prime factors of x?
2, 3
Let a be (11 - -1)*(-4)/3. Let z be (24/a)/(3/(-10)). Suppose -7*v + 46 = -z*v. List the prime factors of v.
23
Let d be (-56)/(-12) - (2 - 8/6). Suppose -d*b - 84 = -5*g + 47, 83 = 3*g + 2*b. What are the prime factors of g?
3
Let w be (0 + 2)*(-1 + 0). Let l(q) be the third derivative of q**5/20 - q**4/24 - 9*q**2. List the prime factors of l(w).
2, 7
Let r(c) = -49*c**3 - c**2 + 3*c + 5. What are the prime factors of r(-2)?
3, 43
Suppose 0 = 3*q - 7*q + 20. Suppose q*z - 33 + 13 = 0. Suppose -z*i + 95 = 7. What are the prime factors of i?
2, 11
Let j be 952/32 + (-2)/(-8). What are the prime factors of 14/7 + j + -2?
2, 3, 5
Let i = 52 - 50. Suppose 2*z + i*q - 230 = 0, -6*z + 444 = -2*z - 4*q. What are the prime factors of z?
113
Suppose h + a - 93 - 6 = 0, 0 = 5*h - 2*a - 495. List the prime factors of h.
3, 11
Let p(s) = s**3 - 17*s**2 + 3*s + 6. Let u be p(8). Let c be ((-2)/(-4))/(13/u). List the prime factors of 30/8*(-56)/c.
2, 5
Let a(d) = 2*d - 10. Let q be a(10). Suppose 2*k = k + q. Suppose k = -w + 30. What are the prime factors of w?
2, 5
Suppose 6*b - 58 = 980. Suppose 3*v - b + 38 = 0. What are the prime factors of v?
3, 5
Let a(s) = 8*s - 25. Let b(z) = -z**2 + 17*z - 9. Let t be b(15). What are the prime factors of a(t)?
11, 13
Suppose -n - 2016 = -2*i, 4026 = 4*i - 9*n + 4*n. What are the prime factors of i?
1009
Let s(q) = -q**2 - 4*q. Suppose 0 = m + m + 8. Let h be s(m). Suppose 4*j + h*j = 20. What are the prime factors of j?
5
Let q(n) = 62*n - 8. Let y(v) = 21*v - 3. Let z(p) = 3*q(p) - 8*y(p). What are the prime factors of z(19)?
2, 3, 19
What are the prime factors of (18/30)/(1 - (-1534)/(-1535))?
3, 307
List the prime factors of (-8)/12*(7815/(-2))/5.
521
Suppose 3*f + 11 = -4. Let q(t) = t**2 - 5*t - 5. Let h be q(f). What are the prime factors of ((-2)/(-3))/(3/h)?
2, 5
Let u = 943 - -2272. What are the prime factors of u?
5, 643
Let g(j) = -2*j - 1. Let v be g(-2). Suppose -v*a - 732 = -3*y - 6*a, -5*a = 0. What are the prime factors of y?
2, 61
Let k(w) be the second derivative of w**5/20 - 7*w**4/12 - 4*w**3/3 - 5*w**2 + 2*w. Let x be k(8). Let v = -2 - x. What are the prime factors of v?
2
Suppose 19*h - 1783 = 5076. What are the prime factors of h?
19
Suppose 0 = q + 3*g - 60, -83 = -3*q - 3*g + 121. What are the prime factors of q?
2, 3
Suppose -16*j - 672 = -17*j. What are the prime factors of j?
2, 3, 7
Suppose -1647 - 628 = -7*d. List the prime factors of d.
5, 13
Let d(r) be the second derivative of r**5/20 - 5*r**4/12 - 2*r**3 - r**2 + 9*r. List the prime factors of d(7).
2, 3
Suppose -y = t - 370, 3*t = 4*y + 8*t - 1477. List the prime factors of y.
373
Let c(t) = -t**3 - 5*t**2 - 2*t - 5. Let i be c(-5). What are the prime factors of (i - -3)/((-4)/(-8))?
2
Let x be -15 + 0 + (2 - 2). Let f = -9 - -1. Let u = f - x. What are the prime factors of u?
7
Suppose 3*x - 2589 = -78. List the prime factors of x.
3, 31
Let w = 255 + -63. What are the prime factors of w?
2, 3
Let x(s) = -33 + 22*s - 8*s + 10*s. What are the prime factors of x(12)?
3, 5, 17
Let u(f) = 2*f**2 + f - 2. Let z be u(-3). Suppose -z*c + 24 = -9*c. Suppose c*a = -a + 350. List the prime factors of a.
2, 5
Let j(i) = -4*i + 15. Let f(c) = 4*c - 16. Let k(p) = -6*f(p) - 7*j(p). What are the prime factors of k(5)?
11
Suppose 2 + 2 = -2*v, 5*s - 11936 = 3*v. List the prime factors of s.
2, 1193
Suppose 0 = 8*w - 1956 - 18916. What are the prime factors of w?
2609
Let r(t) = t**2 - 4*t + 2. Let j be r(6). Let o(c) = c + 43. What are the prime factors of o(j)?
3, 19
Suppose -5*y = -4*h - 47, -5*h - 41 = -5*y - 3*h. Suppose y*j - 6*j - 45 = 0. What are the prime factors of j?
3, 5
Suppose 6703 = 3*x + 1978. What are the prime factors of x?
3, 5, 7
Let o = 34 + -72. Let f = -72 + 2. Let k = o - f. List the prime factors of k.
2
Let w(u) = -4*u - 28. Suppose -2*t = -5*q - 75, -2*q + 75 = -7*q - t. List the prime factors of w(q).
2
Suppose -4*n + 11187 = -5*v, 6*n - 2*v = 7*n - 2813. List the prime factors of n.
2803
Suppose -k = -33 + 29. Suppose 4*u - 297 = -n, 0 = 3*u - 5*u + k*n + 144. What are the prime factors of u?
2, 37
Suppose -56*l + 51*l = -2455. What are the prime factors of l?
491
Let l(t) = 3*t**2 - 7*t - 3. Let a be l(6). Suppose -2*c - 3*q = -a, -15 = -7*q + 4*q. What are the prime factors of c?
2, 3
Suppose -2*l + 179 - 39 = 0. Let d = l + -122. What are the prime factors of (-2)/13 + (-996)/d?
19
Let w(a) = -5*a - 2. Let p(z) be the third derivative of z**5/60 + 6*z**2. Let h(i) = 5*p(i) - w(i). What are the prime factors of h(-4)?
2, 31
Let a = 2386 - 770. List the prime factors of a.
2, 101
Let q = 12 + -21. Let b = q - -13. Suppose 4*p + p - 225 = -5*a, 0 = 2*p - b. What are the prime factors of a?
43
Suppose m = 4*u + 4, -2*u = -2*m + 2 + 6. Suppose -2*h - 8 = y - u*h, 0 = 4*y + 4*h + 12. What are the prime factors of (-1)/((y + -1)/(-42))?
2, 3, 7
Suppose 4*d - 2*d = 8. Suppose 15 = d*f - 45. Suppose 0 = j - 4*j + f. List the prime factors of j.
5
Let x(p) = 7*p + 1567. List the prime factors of x(8).
3, 541
Let g = 34 + 76. Let o = -40 + g. Suppose -2*p - 5*p + o = 0. What are the prime factors of p?
2, 5
Suppose -2*a + 664 = -4*s, 369 = 2*a + 3*s - 323. What are the prime factors of a?
2, 5, 17
Let x be (-6)/(-30) + 62/(-10). List the prime factors of (-5964)/(-63) - 8/x.
2, 3
Let n be (-23 - -23)/(1 + -2 + 2). What are the prime factors of 133 - 2*(n + 1)?
131
Let w(m) = m**2 + 2*m - 153. What are the prime factors of w(-19)?
2, 5, 17
List the prime factors of (8/112*1324)/(2/14).
2, 331
Let y(a) = -a**2 - 2*a - 1. Let l(w) = -5*w**2 - 12*w - 17. Let o(h) = l(h) - 6*y(h). List the prime factors of o(-16).
5, 7
Let y(s) = -s**3 + 9*s**2 + 16*s - 86. What are the prime factors of y(5)?
2, 47
Let j(m) = 43*m**2 + 6*m + 1. List the prime factors of j(-3).
2, 5, 37
Let p be 7697 + 2 + 4/(-4). Suppose 0 = g - 3*g + 4*m + p, 19190 = 5*g + m. What are the prime factors of g/99 + 2/9?
3, 13
Let x(s) = -31*s - 3. Let d be x(5). Let u = -88 - d. Suppose -2*h - 3*h + u = 0. List the prime factors of h.
2, 7
Let m = 2839 + -1445. List the prime factors of m.
2, 17, 41
Suppose -4*z - 3*l = -5793, -4*z + 5*l + 3545 = -2288. List the prime factors of z.
2, 3, 11
Let s = -12 - -9. Let q = s - -2. Let o(n) = -18*n**3 + n + 1. List the prime factors of o(q).
2, 3
Let t(d) = d + 20. Let h be t(-7). Let f = h + 2. What are the prime factors of f?
3, 5
List the prime factors of (4 + 22 + -7)/((-2)/(-60)).
2, 3, 5, 19
Let t = -160 - -276. Suppose 5*m - 182 = 4*k - 547, 288 = -4*m + 4*k. Let g = t + m. What are the prime factors of g?
3, 13
Suppose -5*s - 14 = 4*f - 101, f = -s + 17. Let p = s + -17. Suppose 0*z = p*z + 5*h - 28, -z = -5*h - 29. List the prime factors of z.
19
Let v(g) = -277*g + 49. List the prime factors of v(-3).
2, 5, 11
Let d(k) = k**3 + 2*k**2 + 118*k - 57*k - 56*k + 6. What are the prime factors of d(5)?
2, 103
Suppose 3*u - c = 2*c - 6, 4*u + 2*c - 16 = 0. Suppose u*h = -0*g + 4*g + 258, h - 149 = -3*g. What are the prime factors of h?
137
Suppose -13*i + 49280 = 42*i. What are the prime factors of i?
2, 7
What are the prime factors of 1/(-2) - 10488/(-16)?
5, 131
Suppose -m - 7 = -2. What are the prime factors of (-2)/3 - (m + (-778)/6)?
2, 67
Let s be ((-3)/2)/(7/(-14)). Suppose -r - 77 = -s*h, -r - 4*r + 90 = 4*h. Suppose -4*u = -113 + h. List the prime factors of u.
2, 11
Suppose -o = 3*q + 4, 0 = 4*o - o + 4*q + 12. Let y(f) = f**3 + 4*f**2 - 4*f + 4. Let w be y(o). Suppose 2*v = -10 + w. List the prime factors of v.
5
Let y(o) = 